{"id":1377,"date":"2017-04-21T18:05:45","date_gmt":"2017-04-21T15:05:45","guid":{"rendered":"http:\/\/www.sigortaustasi.com\/?page_id=1377"},"modified":"2017-04-22T08:51:53","modified_gmt":"2017-04-22T05:51:53","slug":"seyahat-sigortasi","status":"publish","type":"page","link":"http:\/\/www.sigortaustasi.com\/index.php\/seyahat-sigortasi\/","title":{"rendered":"Seyahat Sigortas\u0131"},"content":{"rendered":"<p><strong>SEYAHAT S\u0130GORTASI TANIMI<\/strong><\/p>\n<p>Seyahat Sigortas\u0131, yurtd\u0131\u015f\u0131 seyahatlerinizde kar\u015f\u0131la\u015fabilece\u011finiz acil sa\u011fl\u0131k problemlerini teminat alt\u0131na alan ve se\u00e7ilen alternatife g\u00f6re Yard\u0131m Hizmetleri ile i\u00e7eri\u011fi geni\u015fletilmi\u015f sigortad\u0131r.<\/p>\n<p>Seyahat Sa\u011fl\u0131k Sigortas\u0131 sizi a\u015fa\u011f\u0131daki hallerde teminat alt\u0131na al\u0131r:<\/p>\n<p>T\u0131bbi Tedavi Teminat\u0131<br \/>\nSigortal\u0131n\u0131n Seyahati veya Nakli<br \/>\nSigortal\u0131n\u0131n Daimi \u0130kametgaha Nakli<br \/>\nSigortal\u0131n\u0131n Cenazesinin Nakli<br \/>\nBagaj Kayb\u0131 ve \u00c7al\u0131nmas\u0131<br \/>\nT\u0131bbi Dan\u0131\u015fmanl\u0131k<br \/>\nAcil Mesajlar\u0131n \u0130letilmesi<br \/>\nTeminat Limiti &#8211; Co\u011frafi Alan<br \/>\nD\u00fcnya (ABD, Kanada, Japonya, Afganistan, Irak ve T\u00fcrkiye hari\u00e7) 30.000-EUR<br \/>\nABD, Kanada, Japonya 50.000-USD<br \/>\n\u0130steyebilece\u011finiz ek teminatlar:<br \/>\nSigortal\u0131n\u0131n Tur \u0130ptali<br \/>\nSeyahat Acentesinin \u0130flas\u0131 ve Taahh\u00fcd\u00fcn Yerine Getirilememesi<br \/>\nNot: Teminatlar ve limitler poli\u00e7enize ba\u011fl\u0131 olarak de\u011fi\u015fiklik g\u00f6sterebilir.<\/p>\n<p><strong>Avantajlar\u0131;<\/strong><\/p>\n<p>Sigortalanma s\u00fcresi se\u00e7enekleri mevcuttur.<br \/>\nPoli\u00e7eniz hem \u0130ngilizce hem T\u00fcrk\u00e7e olarak d\u00fczenlenmektedir.<br \/>\nMuafiyet (hasara kat\u0131l\u0131m) uygulanmamaktad\u0131r.<br \/>\nSeyahat Acentesinin taahh\u00fcd\u00fcn\u00fc yerine getirmemesinden kaynaklanan olumsuzluklara kar\u015f\u0131 da g\u00fcvence alt\u0131ndas\u0131n\u0131z.<br \/>\nGe\u00e7erli bir neden sonucunda turu iptal etmeniz gerekirse zarar\u0131n\u0131z\u0131 dert etmeyin.<\/p>\n","protected":false},"excerpt":{"rendered":"<p>SEYAHAT S\u0130GORTASI TANIMI Seyahat Sigortas\u0131, yurtd\u0131\u015f\u0131 seyahatlerinizde kar\u015f\u0131la\u015fabilece\u011finiz acil sa\u011fl\u0131k problemlerini teminat alt\u0131na alan ve se\u00e7ilen alternatife g\u00f6re Yard\u0131m Hizmetleri ile i\u00e7eri\u011fi geni\u015fletilmi\u015f sigortad\u0131r. Seyahat Sa\u011fl\u0131k Sigortas\u0131 sizi a\u015fa\u011f\u0131daki hallerde &#8230;<\/p>\n","protected":false},"author":1,"featured_media":0,"parent":0,"menu_order":0,"comment_status":"closed","ping_status":"closed","template":"","meta":{"footnotes":""},"_links":{"self":[{"href":"http:\/\/www.sigortaustasi.com\/index.php\/wp-json\/wp\/v2\/pages\/1377"}],"collection":[{"href":"http:\/\/www.sigortaustasi.com\/index.php\/wp-json\/wp\/v2\/pages"}],"about":[{"href":"http:\/\/www.sigortaustasi.com\/index.php\/wp-json\/wp\/v2\/types\/page"}],"author":[{"embeddable":true,"href":"http:\/\/www.sigortaustasi.com\/index.php\/wp-json\/wp\/v2\/users\/1"}],"replies":[{"embeddable":true,"href":"http:\/\/www.sigortaustasi.com\/index.php\/wp-json\/wp\/v2\/comments?post=1377"}],"version-history":[{"count":2,"href":"http:\/\/www.sigortaustasi.com\/index.php\/wp-json\/wp\/v2\/pages\/1377\/revisions"}],"predecessor-version":[{"id":1422,"href":"http:\/\/www.sigortaustasi.com\/index.php\/wp-json\/wp\/v2\/pages\/1377\/revisions\/1422"}],"wp:attachment":[{"href":"http:\/\/www.sigortaustasi.com\/index.php\/wp-json\/wp\/v2\/media?parent=1377"}],"curies":[{"name":"wp","href":"https:\/\/api.w.org\/{rel}","templated":true}]}}