{"id":1371,"date":"2017-04-21T18:04:20","date_gmt":"2017-04-21T15:04:20","guid":{"rendered":"http:\/\/www.sigortaustasi.com\/?page_id=1371"},"modified":"2017-04-22T08:53:17","modified_gmt":"2017-04-22T05:53:17","slug":"dask-deprem-sigortasi","status":"publish","type":"page","link":"http:\/\/www.sigortaustasi.com\/index.php\/dask-deprem-sigortasi\/","title":{"rendered":"Dask Deprem Sigortas\u0131"},"content":{"rendered":"<p><strong>DASK S\u0130GORTASI<\/strong><br \/>\n27.12.1999 tarihinde Resmi Gazete&#8217; de yay\u0131mlanarak y\u00fcr\u00fcrl\u00fc\u011fe girmi\u015f olan 587 say\u0131l\u0131 &#8220;Zorunlu Deprem Sigortas\u0131na Dair Kanun H\u00fckm\u00fcnde Kararname&#8221; gere\u011fince, 27.09.2000 tarihinden itibaren, 634 say\u0131l\u0131 Kat M\u00fclkiyeti Kanunu kapsam\u0131ndaki ba\u011f\u0131ms\u0131z b\u00f6l\u00fcmler, tapuya kay\u0131tl\u0131 ve \u00f6zel m\u00fclkiyete tabi ta\u015f\u0131nmazlar \u00fczerinde mesken olarak in\u015fa edilmi\u015f binalar, bu binalar i\u00e7inde yer alan ve ticarethane, b\u00fcro ve benzeri ama\u00e7larla kullan\u0131lan ba\u011f\u0131ms\u0131z b\u00f6l\u00fcmler ile do\u011fal afetler nedeniyle Devlet taraf\u0131ndan yapt\u0131r\u0131lan veya verilen kredi ile yap\u0131lan meskenler zorunlu deprem sigortas\u0131na tabidir. Bu sigorta ile, depremin do\u011frudan neden oldu\u011fu maddi zararlar ile deprem sonucu meydana gelen yang\u0131n, infilak, tsunami veya yer kaymas\u0131n\u0131n sigortal\u0131 binalarda neden olaca\u011f\u0131 hasarlar (temeller, ana duvarlar, ba\u011f\u0131ms\u0131z b\u00f6l\u00fcmleri ay\u0131ran ortak duvarlar, bah\u00e7e duvarlar\u0131, istinat duvarlar\u0131, tavan ve tabanlar, merdivenler, asans\u00f6rler, sahanl\u0131klar, koridorlar, \u00e7at\u0131lar, bacalar ve yap\u0131n\u0131n benzer nitelikteki tamamlay\u0131c\u0131 k\u0131s\u0131mlar\u0131nda meydana gelenler de dahil olmak \u00fczere), sigorta bedeline kadar Do\u011fal Afet Sigortalar\u0131 Kurumu (DASK) taraf\u0131ndan teminat alt\u0131na al\u0131nm\u0131\u015ft\u0131r. <\/p>\n<p><strong>A\u015fa\u011f\u0131daki haller sigorta teminat\u0131n\u0131n d\u0131\u015f\u0131ndad\u0131r.  <\/strong><br \/>\nEnkaz kald\u0131rma masraflar\u0131, kar kayb\u0131, i\u015f durmas\u0131, kira mahrumiyeti, alternatif ikametgah ve i\u015fyeri masraflar\u0131, mali sorumluluklar ve benzeri dolayl\u0131 zararlar,<br \/>\nHer t\u00fcrl\u00fc ta\u015f\u0131n\u0131r mal, e\u015fya ve benzerleri,<br \/>\n\u00d6l\u00fcm dahil olmak \u00fczere t\u00fcm bedeni zararlar,<br \/>\nManevi tazminat talepleri,<br \/>\nDeprem ve deprem sonucu olu\u015fan yang\u0131n, infilak, tsunami veya yer kaymas\u0131n\u0131n d\u0131\u015f\u0131nda kalan hasarlar,<br \/>\nBelirli bir deprem hadisesine ba\u011fl\u0131 olmaks\u0131z\u0131n binan\u0131n kendi kusur ve \u00f6zellikleri nedeniyle zamanla olu\u015fan zararlar.<\/p>\n","protected":false},"excerpt":{"rendered":"<p>DASK S\u0130GORTASI 27.12.1999 tarihinde Resmi Gazete&#8217; de yay\u0131mlanarak y\u00fcr\u00fcrl\u00fc\u011fe girmi\u015f olan 587 say\u0131l\u0131 &#8220;Zorunlu Deprem Sigortas\u0131na Dair Kanun H\u00fckm\u00fcnde Kararname&#8221; gere\u011fince, 27.09.2000 tarihinden itibaren, 634 say\u0131l\u0131 Kat M\u00fclkiyeti Kanunu kapsam\u0131ndaki &#8230;<\/p>\n","protected":false},"author":1,"featured_media":0,"parent":0,"menu_order":0,"comment_status":"closed","ping_status":"closed","template":"","meta":{"footnotes":""},"_links":{"self":[{"href":"http:\/\/www.sigortaustasi.com\/index.php\/wp-json\/wp\/v2\/pages\/1371"}],"collection":[{"href":"http:\/\/www.sigortaustasi.com\/index.php\/wp-json\/wp\/v2\/pages"}],"about":[{"href":"http:\/\/www.sigortaustasi.com\/index.php\/wp-json\/wp\/v2\/types\/page"}],"author":[{"embeddable":true,"href":"http:\/\/www.sigortaustasi.com\/index.php\/wp-json\/wp\/v2\/users\/1"}],"replies":[{"embeddable":true,"href":"http:\/\/www.sigortaustasi.com\/index.php\/wp-json\/wp\/v2\/comments?post=1371"}],"version-history":[{"count":3,"href":"http:\/\/www.sigortaustasi.com\/index.php\/wp-json\/wp\/v2\/pages\/1371\/revisions"}],"predecessor-version":[{"id":1425,"href":"http:\/\/www.sigortaustasi.com\/index.php\/wp-json\/wp\/v2\/pages\/1371\/revisions\/1425"}],"wp:attachment":[{"href":"http:\/\/www.sigortaustasi.com\/index.php\/wp-json\/wp\/v2\/media?parent=1371"}],"curies":[{"name":"wp","href":"https:\/\/api.w.org\/{rel}","templated":true}]}}